hat is the remainder when 2293770 is divided by 6250?
20
Calculate the remainder when 2079797 is divided by 6687.
140
What is the remainder when 257500 is divided by 5852?
12
What is the remainder when 453553 is divided by 90703?
38
Calculate the remainder when 213049 is divided by 52933.
1317
What is the remainder when 47274431 is divided by 335?
236
What is the remainder when 953466 is divided by 18692?
174
Calculate the remainder when 946545 is divided by 63103.
0
What is the remainder when 25945590 is divided by 393115?
0
What is the remainder when 16243461 is divided by 2981?
2973
Calculate the remainder when 9227806 is divided by 92278.
6
Calculate the remainder when 33386 is divided by 224.
10
What is the remainder when 102153 is divided by 1029?
282
What is the remainder when 1049150 is divided by 203?
46
What is the remainder when 183965 is divided by 4741?
3807
What is the remainder when 1484827 is divided by 33?
25
Calculate the remainder when 2785775 is divided by 125.
25
What is the remainder when 193567 is divided by 193510?
57
Calculate the remainder when 33583234 is divided by 16791589.
56
Calculate the remainder when 14643515 is divided by 20.
15
Calculate the remainder when 16745 is divided by 4122.
257
Calculate the remainder when 377973 is divided by 3147.
333
What is the remainder when 930989 is divided by 12753?
20
Calculate the remainder when 21405 is divided by 1809.
1506
What is the remainder when 4216878 is divided by 2949?
2757
What is the remainder when 20918070 is divided by 36?
18
Calculate the remainder when 8083 is divided by 7823.
260
Calculate the remainder when 4686091 is divided by 152.
83
What is the remainder when 266568619 is divided by 432?
427
What is the remainder when 411936 is divided by 137301?
33
What is the remainder when 49692 is divided by 3542?
104
Calculate the remainder when 118474226 is divided by 18224.
2
What is the remainder when 784521 is divided by 16?
9
Calculate the remainder when 4151856 is divided by 1039.
12
Calculate the remainder when 3770799 is divided by 62839.
459
What is the remainder when 4965 is divided by 4799?
166
Calculate the remainder when 14477264 is divided by 212.
208
What is the remainder when 12318796 is divided by 1077?
70
Calculate the remainder when 5473835 is divided by 22903.
18
What is the remainder when 23269287 is divided by 12612?
147
Calculate the remainder when 421914 is divided by 4544.
3866
What is the remainder when 107980 is divided by 20388?
6040
What is the remainder when 309527 is divided by 154591?
345
What is the remainder when 749368 is divided by 977?
9
Calculate the remainder when 3159772 is divided by 150457.
175
Calculate the remainder when 21919 is divided by 1426.
529
What is the remainder when 27480648 is divided by 13740323?
2
Calculate the remainder when 9484485 is divided by 23.
21
What is the remainder when 4575372 is divided by 245?
242
Calculate the remainder when 45804 is divided by 11349.
408
Calculate the remainder when 17311609 is divided by 5770530.
19
Calculate the remainder when 420650 is divided by 104977.
742
Calculate the remainder when 4317261 is divided by 2158622.
17
Calculate the remainder when 41246 is divided by 19478.
2290
Calculate the remainder when 761789 is divided by 58597.
28
Calculate the remainder when 1646190 is divided by 905.
900
What is the remainder when 114266338 is divided by 1997?
1992
Calculate the remainder when 1128196231 is divided by 10349.
10345
What is the remainder when 733101 is divided by 94?
89
Calculate the remainder when 872632 is divided by 27.
19
Calculate the remainder when 151475 is divided by 2533.
2028
Calculate the remainder when 347812 is divided by 10217.
434
Calculate the remainder when 5340547 is divided by 17.
14
What is the remainder when 220475 is divided by 73481?
32
Calculate the remainder when 2877546 is divided by 175.
21
What is the remainder when 148088 is divided by 8226?
20
Calculate the remainder when 25380592 is divided by 707.
706
What is the remainder when 6494102 is divided by 26?
4
Calculate the remainder when 122959 is divided by 1295.
1229
Calculate the remainder when 295833 is divided by 73611.
1389
Calculate the remainder when 2170275 is divided by 1067.
1064
Calculate the remainder when 110677 is divided by 2508.
325
Calculate the remainder when 4200 is divided by 6.
0
What is the remainder when 30924166 is divided by 6?
4
Calculate the remainder when 784794 is divided by 346.
66
Calculate the remainder when 177784247 is divided by 161.
158
Calculate the remainder when 21454608 is divided by 814.
10
What is the remainder when 498336 is divided by 10827?
294
What is the remainder when 4432689 is divided by 808?
1
What is the remainder when 1654431 is divided by 656?
655
Calculate the remainder when 16938 is divided by 586.
530
Calculate the remainder when 12880670 is divided by 224.
222
Calculate the remainder when 3476557 is divided by 1194.
823
What is the remainder when 37729 is divided by 17679?
2371
Calculate the remainder when 344378 is divided by 308.
34
What is the remainder when 37538717 is divided by 23?
3
Calculate the remainder when 34275328 is divided by 179.
50
Calculate the remainder when 65626 is divided by 405.
16
Calculate the remainder when 10921670 is divided by 1576.
1566
Calculate the remainder when 661761 is divided by 220577.
30
Calculate the remainder when 14649961 is divided by 933.
928
What is the remainder when 2530985 is divided by 28438?
3
What is the remainder when 371474 is divided by 461?
369
What is the remainder when 536595 is divided by 22358?
3
Calculate the remainder when 12018327 is divided by 2408.
2407
What is the remainder when 3030646 is divided by 97761?
55
What is the remainder when 5250235 is divided by 8347?
8319
What is the remainder when 1116040 is divided by 710?
630
What is the remainder when 2672378 is divided by 86?
14
What is the remainder when 80987580 is divided by 1262?
1254
What is the remainder when 1806314 is divided by 903153?
8
Calculate the remainder when 4549385 is divided by 743.
739
Calculate the remainder when 6680047 is divided by 103.
85
What is the remainder when 1365302 is divided by 192?
182
Calculate the remainder when 385024 is divided by 3816.
3424
Calculate the remainder when 1083780 is divided by 113.
110
What is the remainder when 95884 is divided by 101?
35
Calculate the remainder when 426492 is divided by 60804.
864
Calculate the remainder when 1202896941 is divided by 6408.
6405
What is the remainder when 2501722 is divided by 61?
51
What is the remainder when 39890 is divided by 13281?
47
What is the remainder when 3347707 is divided by 364?
363
Calculate the remainder when 4926689 is divided by 13647.
122
What is the remainder when 314534 is divided by 1674?
1496
Calculate the remainder when 154592254 is divided by 3328.
3326
Calculate the remainder when 11439 is divided by 3402.
1233
Calculate the remainder when 14540136 is divided by 67.
64
What is the remainder when 15485 is divided by 119?
15
Calculate the remainder when 10723553 is divided by 2197.
2193
What is the remainder when 1017114849 is divided by 25?
24
What is the remainder when 2043565 is divided by 215?
205
Calculate the remainder when 1131344 is divided by 4490.
4354
What is the remainder when 35162271 is divided by 73?
69
Calculate the remainder when 3138808 is divided by 68234.
44
Calculate the remainder when 8227557 is divided by 271.
268
Calculate the remainder when 13699 is divided by 4450.
349
Calculate the remainder when 63075 is divided by 11813.
4010
What is the remainder when 448536 is divided by 879?
246
Calculate the remainder when 17167914 is divided by 13550.
64
Calculate the remainder when 925657 is divided by 66117.
19
What is the remainder when 597183 is divided by 74572?
607
What is the remainder when 8223426 is divided by 186?
180
Calculate the remainder when 46071653 is divided by 3572.
3569
What is the remainder when 538939 is divided by 8291?
24
Calculate the remainder when 506213278 is divided by 108.
106
Calculate the remainder when 3282771 is divided by 263.
5
What is the remainder when 107877207 is divided by 70?
67
Calculate the remainder when 11877176 is divided by 5938561.